 by 102.
93
What is the remainder when 35646 is divided by 442?
286
What is the remainder when 1226 is divided by 1068?
158
Calculate the remainder when 176799 is divided by 3048.
15
Calculate the remainder when 40126 is divided by 96.
94
Calculate the remainder when 2255 is divided by 589.
488
What is the remainder when 15161 is divided by 1522?
1463
Calculate the remainder when 9187 is divided by 46.
33
What is the remainder when 67853 is divided by 263?
262
What is the remainder when 5136 is divided by 102?
36
Calculate the remainder when 9065 is divided by 3017.
14
What is the remainder when 2535 is divided by 48?
39
What is the remainder when 33973 is divided by 35?
23
Calculate the remainder when 1851587 is divided by 342.
341
What is the remainder when 53381 is divided by 23?
21
Calculate the remainder when 10186 is divided by 1696.
10
What is the remainder when 33678 is divided by 3012?
546
What is the remainder when 10933 is divided by 3?
1
Calculate the remainder when 1219048 is divided by 50.
48
What is the remainder when 1480 is divided by 212?
208
What is the remainder when 418 is divided by 64?
34
What is the remainder when 614 is divided by 122?
4
Calculate the remainder when 262538 is divided by 141.
137
What is the remainder when 972914 is divided by 258?
254
Calculate the remainder when 320008 is divided by 1808.
1800
Calculate the remainder when 15406 is divided by 7608.
190
What is the remainder when 3936 is divided by 425?
111
What is the remainder when 5108 is divided by 2462?
184
What is the remainder when 1710878 is divided by 544?
542
Calculate the remainder when 55428 is divided by 3249.
195
Calculate the remainder when 293581 is divided by 2207.
50
What is the remainder when 53149 is divided by 371?
96
What is the remainder when 73637 is divided by 1024?
933
What is the remainder when 3326 is divided by 477?
464
What is the remainder when 4933 is divided by 44?
5
What is the remainder when 3827039 is divided by 15?
14
Calculate the remainder when 1378908 is divided by 749.
748
Calculate the remainder when 3382 is divided by 144.
70
What is the remainder when 498 is divided by 447?
51
Calculate the remainder when 183568 is divided by 4077.
103
What is the remainder when 1290 is divided by 1231?
59
Calculate the remainder when 127849 is divided by 127844.
5
What is the remainder when 4524 is divided by 443?
94
Calculate the remainder when 2998758 is divided by 40.
38
What is the remainder when 48500 is divided by 9?
8
What is the remainder when 2363 is divided by 32?
27
Calculate the remainder when 166919 is divided by 428.
427
What is the remainder when 47523 is divided by 5940?
3
Calculate the remainder when 70269 is divided by 32.
29
What is the remainder when 12013 is divided by 25?
13
What is the remainder when 1289337 is divided by 130?
127
What is the remainder when 6847 is divided by 181?
150
What is the remainder when 25017 is divided by 36?
33
Calculate the remainder when 4567 is divided by 4299.
268
Calculate the remainder when 96056 is divided by 941.
74
What is the remainder when 729 is divided by 217?
78
What is the remainder when 2028 is divided by 57?
33
What is the remainder when 37133 is divided by 5289?
110
Calculate the remainder when 613 is divided by 532.
81
What is the remainder when 228118 is divided by 10?
8
What is the remainder when 837 is divided by 192?
69
What is the remainder when 758 is divided by 467?
291
Calculate the remainder when 687 is divided by 69.
66
What is the remainder when 369009 is divided by 966?
963
Calculate the remainder when 236316 is divided by 118153.
10
What is the remainder when 520 is divided by 136?
112
Calculate the remainder when 358870 is divided by 54.
40
What is the remainder when 188821 is divided by 339?
337
Calculate the remainder when 145198 is divided by 60.
58
Calculate the remainder when 155204 is divided by 28.
0
Calculate the remainder when 90534 is divided by 60.
54
What is the remainder when 216436 is divided by 108217?
2
What is the remainder when 34882 is divided by 17428?
26
What is the remainder when 4024 is divided by 278?
132
What is the remainder when 107882 is divided by 10788?
2
Calculate the remainder when 12549 is divided by 3137.
1
Calculate the remainder when 1526 is divided by 86.
64
What is the remainder when 9753 is divided by 750?
3
What is the remainder when 3948 is divided by 3922?
26
What is the remainder when 758 is divided by 125?
8
What is the remainder when 289989 is divided by 617?
616
Calculate the remainder when 11589 is divided by 276.
273
Calculate the remainder when 984 is divided by 75.
9
What is the remainder when 23986 is divided by 7919?
229
Calculate the remainder when 3861 is divided by 3578.
283
What is the remainder when 695 is divided by 680?
15
Calculate the remainder when 10085 is divided by 1435.
40
What is the remainder when 42160 is divided by 24?
16
What is the remainder when 4676 is divided by 1038?
524
Calculate the remainder when 1566708 is divided by 5.
3
Calculate the remainder when 1933176 is divided by 2372.
2368
Calculate the remainder when 8237 is divided by 62.
53
Calculate the remainder when 4597438 is divided by 320.
318
Calculate the remainder when 3748 is divided by 3677.
71
What is the remainder when 51694 is divided by 281?
271
Calculate the remainder when 88041 is divided by 14639.
207
What is the remainder when 309007 is divided by 73?
71
What is the remainder when 2027019 is divided by 273?
267
What is the remainder when 12267 is divided by 509?
51
What is the remainder when 516 is divided by 132?
120
What is the remainder when 246778 is divided by 4?
2
Calculate the remainder when 2267 is divided by 229.
206
What is the remainder when 21330 is divided by 1769?
102
Calculate the remainder when 54203 is divided by 27097.
9
Calculate the remainder when 4805534 is divided by 526.
524
Calculate the remainder when 1510 is divided by 30.
10
Calculate the remainder when 30256 is divided by 103.
77
What is the remainder when 38150 is divided by 234?
8
Calculate the remainder when 115782 is divided by 39.
30
What is the remainder when 64865 is divided by 235?
5
Calculate the remainder when 32942 is divided by 969.
965
What is the remainder when 5473 is divided by 566?
379
What is the remainder when 88381 is divided by 601?
34
Calculate the remainder when 5007 is divided by 16.
15
What is the remainder when 68477 is divided by 123?
89
Calculate the remainder when 6796347 is divided by 52.
51
Calculate the remainder when 49886 is divided by 207.
206
What is the remainder when 467118 is divided by 676?
2
Calculate the remainder when 5353 is divided by 552.
385
Calculate the remainder when 435 is divided by 33.
6
Calculate the remainder when 1178557 is divided by 464.
461
What is the remainder when 18124 is divided by 586?
544
What is the remainder when 141957 is divided by 87?
60
Calculate the remainder when 14438 is divided by 1354.
898
Calculate the remainder when 16770 is divided by 5510.
240
Calculate the remainder when 130 is divided by 98.
32
Calculate the remainder when 100233 is divided by 33409.
6
What is the remainder when 38632 is divided by 141?
139
What is the remainder when 68119 is divided by 5238?
25
What is the remainder when 2563 is divided by 58?
11
Calculate the remainder when 1524 is divided by 123.
48
Calculate the remainder when 1208852 is divided by 52558.
18
Calculate the remainder when 59678 is divided by 30.
8
Calculate the remainder when 3756 is divided by 3714.
42
What is the remainder when 6225 is divided by 3109?
7
Calculate the remainder when 3418 is divided by 89.
36
Calculate the remainder when 7995 is divided by 1994.
19
Calculate the remainder when 8227 is divided by 47.
2
Calculate the remainder when 104984 is divided by 12.
8
Calculate the remainder when 17108 is divided by 1552.
36
Calculate the remainder when 55360 is divided by 55340.
20
Calculate the remainder when 1149 is divided by 40.
29
What is the remainder when 1373 is divided by 378?
239
Calculate the remainder when 4339 is divided by 1052.
131
Calculate the remainder when 371768 is divided by 592.
584
Calculate the remainder when 28637 is divided by 381.
62
Calculate the remainder when 2570 i